216.244.66.240 - - [24/Oct/2022:17:08:23 -0700] "GET /robots.txt HTTP/1.1" 404 73 "-" "Mozilla/5.0 (compatible; DotBot/1.2; +https://opensiteexplorer.org/dotbot; help@moz.com)" "yst.bridesandprom.com"
216.244.66.240 - - [24/Oct/2022:18:12:29 -0700] "GET /robots.txt HTTP/1.1" 404 73 "-" "Mozilla/5.0 (compatible; DotBot/1.2; +https://opensiteexplorer.org/dotbot; help@moz.com)" "yst.bridesandprom.com"
216.244.66.240 - - [24/Oct/2022:19:15:13 -0700] "GET /robots.txt HTTP/1.1" 404 73 "-" "Mozilla/5.0 (compatible; DotBot/1.2; +https://opensiteexplorer.org/dotbot; help@moz.com)" "yst.bridesandprom.com"
207.46.13.186 - - [24/Oct/2022:19:32:32 -0700] "GET /@site.bridesandprom.com/ystore/ssl/css/style-new02.css HTTP/1.1" 200 5239 "-" "Mozilla/5.0 (compatible; bingbot/2.0; +http://www.bing.com/bingbot.htm)" "p11.secure.hostingprod.com"
207.46.13.186 - - [24/Oct/2022:19:32:32 -0700] "GET /@site.bridesandprom.com/ystore/ssl/js/bookmark.js HTTP/1.1" 200 635 "-" "Mozilla/5.0 (compatible; bingbot/2.0; +http://www.bing.com/bingbot.htm)" "p11.secure.hostingprod.com"
216.244.66.240 - - [24/Oct/2022:20:10:22 -0700] "GET /robots.txt HTTP/1.1" 404 73 "-" "Mozilla/5.0 (compatible; DotBot/1.2; +https://opensiteexplorer.org/dotbot; help@moz.com)" "yst.bridesandprom.com"
114.119.152.204 - - [24/Oct/2022:21:07:35 -0700] "GET /css?N=D HTTP/1.1" 301 1416 "https://yst.bridesandprom.com/css?N=A" "Mozilla/5.0 (Linux; Android 7.0;) AppleWebKit/537.36 (KHTML, like Gecko) Mobile Safari/537.36 (compatible; PetalBot;+https://webmaster.petalsearch.com/site/petalbot)" "yst.bridesandprom.com"
114.119.152.204 - - [24/Oct/2022:21:07:36 -0700] "GET /css/?N=D HTTP/1.1" 200 363 "https://yst.bridesandprom.com/css?N=A" "Mozilla/5.0 (Linux; Android 7.0;) AppleWebKit/537.36 (KHTML, like Gecko) Mobile Safari/537.36 (compatible; PetalBot;+https://webmaster.petalsearch.com/site/petalbot)" "yst.bridesandprom.com"
216.244.66.240 - - [24/Oct/2022:21:19:20 -0700] "GET /robots.txt HTTP/1.1" 404 73 "-" "Mozilla/5.0 (compatible; DotBot/1.2; +https://opensiteexplorer.org/dotbot; help@moz.com)" "yst.bridesandprom.com"
114.119.154.207 - - [24/Oct/2022:22:02:42 -0700] "GET /ssl/css/ HTTP/1.1" 200 367 "https://yst.bridesandprom.com/ssl?D=A" "Mozilla/5.0 (Linux; Android 7.0;) AppleWebKit/537.36 (KHTML, like Gecko) Mobile Safari/537.36 (compatible; PetalBot;+https://webmaster.petalsearch.com/site/petalbot)" "yst.bridesandprom.com"
114.119.154.181 - - [24/Oct/2022:22:13:38 -0700] "GET /images/indexbnr/ HTTP/1.1" 200 782 "https://yst.bridesandprom.com/images/?C=N%3BO%3DD" "Mozilla/5.0 (Linux; Android 7.0;) AppleWebKit/537.36 (KHTML, like Gecko) Mobile Safari/537.36 (compatible; PetalBot;+https://webmaster.petalsearch.com/site/petalbot)" "yst.bridesandprom.com"
216.244.66.240 - - [24/Oct/2022:22:27:11 -0700] "GET /robots.txt HTTP/1.1" 404 73 "-" "Mozilla/5.0 (compatible; DotBot/1.2; +https://opensiteexplorer.org/dotbot; help@moz.com)" "yst.bridesandprom.com"
195.191.219.130 - - [24/Oct/2022:22:38:46 -0700] "GET /robots.txt HTTP/1.1" 404 73 "-" "Mozilla/5.0 (compatible; MJ12bot/v1.4.8; http://mj12bot.com/)" "yst.bridesandprom.com"
195.191.219.130 - - [24/Oct/2022:22:38:48 -0700] "GET /css/?D=A HTTP/1.1" 200 363 "-" "Mozilla/5.0 (compatible; MJ12bot/v1.4.8; http://mj12bot.com/)" "yst.bridesandprom.com"
99.4.183.201 - - [24/Oct/2022:23:16:57 -0700] "GET /@site.bridesandprom.com/ystore/ssl/images/logo.png HTTP/1.1" 200 16350 "https://www.dresssuperstore.com/" "Mozilla/5.0 (Macintosh; Intel Mac OS X 10_15_7) AppleWebKit/605.1.15 (KHTML, like Gecko) Version/16.0 Safari/605.1.15" "p11.secure.hostingprod.com"
99.4.183.201 - - [24/Oct/2022:23:16:57 -0700] "GET /@site.bridesandprom.com/ystore/ssl/css/style-new02.css HTTP/1.1" 200 5239 "https://www.dresssuperstore.com/" "Mozilla/5.0 (Macintosh; Intel Mac OS X 10_15_7) AppleWebKit/605.1.15 (KHTML, like Gecko) Version/16.0 Safari/605.1.15" "p11.secure.hostingprod.com"
99.4.183.201 - - [24/Oct/2022:23:16:57 -0700] "GET /@site.bridesandprom.com/ystore/ssl/images/yahoo-img.jpg HTTP/1.1" 200 7144 "https://www.dresssuperstore.com/" "Mozilla/5.0 (Macintosh; Intel Mac OS X 10_15_7) AppleWebKit/605.1.15 (KHTML, like Gecko) Version/16.0 Safari/605.1.15" "p11.secure.hostingprod.com"
99.4.183.201 - - [24/Oct/2022:23:16:57 -0700] "GET /@site.bridesandprom.com/ystore/ssl/images/search-img.jpg HTTP/1.1" 200 483 "https://www.dresssuperstore.com/" "Mozilla/5.0 (Macintosh; Intel Mac OS X 10_15_7) AppleWebKit/605.1.15 (KHTML, like Gecko) Version/16.0 Safari/605.1.15" "p11.secure.hostingprod.com"
99.4.183.201 - - [24/Oct/2022:23:16:57 -0700] "GET /@site.bridesandprom.com/ystore/ssl/images/shopping-input-bg.jpg HTTP/1.1" 200 312 "https://www.dresssuperstore.com/" "Mozilla/5.0 (Macintosh; Intel Mac OS X 10_15_7) AppleWebKit/605.1.15 (KHTML, like Gecko) Version/16.0 Safari/605.1.15" "p11.secure.hostingprod.com"
99.4.183.201 - - [24/Oct/2022:23:16:57 -0700] "GET /@site.bridesandprom.com/ystore/ssl/images/shopping-cart-line.jpg HTTP/1.1" 200 304 "https://www.dresssuperstore.com/" "Mozilla/5.0 (Macintosh; Intel Mac OS X 10_15_7) AppleWebKit/605.1.15 (KHTML, like Gecko) Version/16.0 Safari/605.1.15" "p11.secure.hostingprod.com"
99.4.183.201 - - [24/Oct/2022:23:16:57 -0700] "GET /@site.bridesandprom.com/ystore/ssl/images/menu-top-line.jpg HTTP/1.1" 200 399 "https://www.dresssuperstore.com/" "Mozilla/5.0 (Macintosh; Intel Mac OS X 10_15_7) AppleWebKit/605.1.15 (KHTML, like Gecko) Version/16.0 Safari/605.1.15" "p11.secure.hostingprod.com"
99.4.183.201 - - [24/Oct/2022:23:16:57 -0700] "GET /@site.bridesandprom.com/ystore/ssl/images/header-bg.jpg HTTP/1.1" 200 1339 "https://www.dresssuperstore.com/" "Mozilla/5.0 (Macintosh; Intel Mac OS X 10_15_7) AppleWebKit/605.1.15 (KHTML, like Gecko) Version/16.0 Safari/605.1.15" "p11.secure.hostingprod.com"
99.4.183.201 - - [24/Oct/2022:23:16:57 -0700] "GET /@site.bridesandprom.com/ssl/images/spacer.gif HTTP/1.1" 200 43 "https://www.dresssuperstore.com/" "Mozilla/5.0 (Macintosh; Intel Mac OS X 10_15_7) AppleWebKit/605.1.15 (KHTML, like Gecko) Version/16.0 Safari/605.1.15" "p11.secure.hostingprod.com"
99.4.183.201 - - [24/Oct/2022:23:16:57 -0700] "GET /@site.bridesandprom.com/ystore/ssl/images/secure-shopping-img.jpg HTTP/1.1" 200 6947 "https://www.dresssuperstore.com/" "Mozilla/5.0 (Macintosh; Intel Mac OS X 10_15_7) AppleWebKit/605.1.15 (KHTML, like Gecko) Version/16.0 Safari/605.1.15" "p11.secure.hostingprod.com"
99.4.183.201 - - [24/Oct/2022:23:16:57 -0700] "GET /@site.bridesandprom.com/ystore/ssl/images/visa-inner-img.jpg HTTP/1.1" 200 10855 "https://www.dresssuperstore.com/" "Mozilla/5.0 (Macintosh; Intel Mac OS X 10_15_7) AppleWebKit/605.1.15 (KHTML, like Gecko) Version/16.0 Safari/605.1.15" "p11.secure.hostingprod.com"
99.4.183.201 - - [24/Oct/2022:23:16:57 -0700] "GET /@site.bridesandprom.com/ssl/images/next.jpg HTTP/1.1" 200 343 "https://www.dresssuperstore.com/" "Mozilla/5.0 (Macintosh; Intel Mac OS X 10_15_7) AppleWebKit/605.1.15 (KHTML, like Gecko) Version/16.0 Safari/605.1.15" "p11.secure.hostingprod.com"
99.4.183.201 - - [24/Oct/2022:23:16:57 -0700] "GET /@site.bridesandprom.com/ssl/images/previous.jpg HTTP/1.1" 200 344 "https://www.dresssuperstore.com/" "Mozilla/5.0 (Macintosh; Intel Mac OS X 10_15_7) AppleWebKit/605.1.15 (KHTML, like Gecko) Version/16.0 Safari/605.1.15" "p11.secure.hostingprod.com"
216.244.66.240 - - [24/Oct/2022:23:23:14 -0700] "GET /robots.txt HTTP/1.1" 404 73 "-" "Mozilla/5.0 (compatible; DotBot/1.2; +https://opensiteexplorer.org/dotbot; help@moz.com)" "yst.bridesandprom.com"
216.244.66.240 - - [25/Oct/2022:00:25:27 -0700] "GET /robots.txt HTTP/1.1" 404 73 "-" "Mozilla/5.0 (compatible; DotBot/1.2; +https://opensiteexplorer.org/dotbot; help@moz.com)" "yst.bridesandprom.com"
216.244.66.240 - - [25/Oct/2022:01:27:51 -0700] "GET /robots.txt HTTP/1.1" 404 73 "-" "Mozilla/5.0 (compatible; DotBot/1.2; +https://opensiteexplorer.org/dotbot; help@moz.com)" "yst.bridesandprom.com"
216.244.66.240 - - [25/Oct/2022:02:26:05 -0700] "GET /robots.txt HTTP/1.1" 404 73 "-" "Mozilla/5.0 (compatible; DotBot/1.2; +https://opensiteexplorer.org/dotbot; help@moz.com)" "yst.bridesandprom.com"
216.244.66.240 - - [25/Oct/2022:03:23:39 -0700] "GET /robots.txt HTTP/1.1" 404 73 "-" "Mozilla/5.0 (compatible; DotBot/1.2; +https://opensiteexplorer.org/dotbot; help@moz.com)" "yst.bridesandprom.com"
216.244.66.240 - - [25/Oct/2022:04:19:53 -0700] "GET /robots.txt HTTP/1.1" 404 73 "-" "Mozilla/5.0 (compatible; DotBot/1.2; +https://opensiteexplorer.org/dotbot; help@moz.com)" "yst.bridesandprom.com"
216.244.66.240 - - [25/Oct/2022:05:14:57 -0700] "GET /robots.txt HTTP/1.1" 404 73 "-" "Mozilla/5.0 (compatible; DotBot/1.2; +https://opensiteexplorer.org/dotbot; help@moz.com)" "yst.bridesandprom.com"
114.119.152.204 - - [25/Oct/2022:05:32:47 -0700] "GET / HTTP/1.1" 200 371 "-" "Mozilla/5.0 (Linux; Android 7.0;) AppleWebKit/537.36 (KHTML, like Gecko) Mobile Safari/537.36 (compatible; PetalBot;+https://webmaster.petalsearch.com/site/petalbot)" "yst.bridesandprom.com"
207.46.13.186 - - [25/Oct/2022:06:04:55 -0700] "GET /@site.bridesandprom.com/ystore/ssl/js/bookmark.js HTTP/1.1" 200 635 "-" "Mozilla/5.0 AppleWebKit/537.36 (KHTML, like Gecko; compatible; bingbot/2.0; +http://www.bing.com/bingbot.htm) Chrome/103.0.5060.134 Safari/537.36" "p11.secure.hostingprod.com"
216.244.66.240 - - [25/Oct/2022:06:28:14 -0700] "GET /robots.txt HTTP/1.1" 404 73 "-" "Mozilla/5.0 (compatible; DotBot/1.2; +https://opensiteexplorer.org/dotbot; help@moz.com)" "yst.bridesandprom.com"
216.244.66.240 - - [25/Oct/2022:07:29:46 -0700] "GET /robots.txt HTTP/1.1" 404 73 "-" "Mozilla/5.0 (compatible; DotBot/1.2; +https://opensiteexplorer.org/dotbot; help@moz.com)" "yst.bridesandprom.com"
216.244.66.240 - - [25/Oct/2022:08:27:50 -0700] "GET /robots.txt HTTP/1.1" 404 73 "-" "Mozilla/5.0 (compatible; DotBot/1.2; +https://opensiteexplorer.org/dotbot; help@moz.com)" "yst.bridesandprom.com"
216.244.66.240 - - [25/Oct/2022:09:30:35 -0700] "GET /robots.txt HTTP/1.1" 404 73 "-" "Mozilla/5.0 (compatible; DotBot/1.2; +https://opensiteexplorer.org/dotbot; help@moz.com)" "yst.bridesandprom.com"
216.244.66.240 - - [25/Oct/2022:10:28:24 -0700] "GET /robots.txt HTTP/1.1" 404 73 "-" "Mozilla/5.0 (compatible; DotBot/1.2; +https://opensiteexplorer.org/dotbot; help@moz.com)" "yst.bridesandprom.com"
216.244.66.240 - - [25/Oct/2022:11:25:42 -0700] "GET /robots.txt HTTP/1.1" 404 73 "-" "Mozilla/5.0 (compatible; DotBot/1.2; +https://opensiteexplorer.org/dotbot; help@moz.com)" "yst.bridesandprom.com"
5.255.231.246 - - [25/Oct/2022:12:09:10 -0700] "GET /robots.txt HTTP/1.1" 404 73 "-" "Mozilla/5.0 (compatible; YandexBot/3.0; +http://yandex.com/bots)" "yst.bridesandprom.com"
5.45.207.129 - - [25/Oct/2022:12:09:14 -0700] "GET / HTTP/1.1" 200 371 "-" "Mozilla/5.0 (compatible; YandexBot/3.0; +http://yandex.com/bots)" "yst.bridesandprom.com"
216.244.66.240 - - [25/Oct/2022:12:33:55 -0700] "GET /robots.txt HTTP/1.1" 404 73 "-" "Mozilla/5.0 (compatible; DotBot/1.2; +https://opensiteexplorer.org/dotbot; help@moz.com)" "yst.bridesandprom.com"
34.222.153.71 - - [25/Oct/2022:13:16:56 -0700] "GET / HTTP/1.1" 200 836 "-" "-" "yst.bridesandprom.com"
216.244.66.240 - - [25/Oct/2022:13:31:02 -0700] "GET /robots.txt HTTP/1.1" 404 73 "-" "Mozilla/5.0 (compatible; DotBot/1.2; +https://opensiteexplorer.org/dotbot; help@moz.com)" "yst.bridesandprom.com"
216.244.66.240 - - [25/Oct/2022:14:22:33 -0700] "GET /robots.txt HTTP/1.1" 404 73 "-" "Mozilla/5.0 (compatible; DotBot/1.2; +https://opensiteexplorer.org/dotbot; help@moz.com)" "yst.bridesandprom.com"
207.46.13.186 - - [25/Oct/2022:14:35:45 -0700] "GET /@site.bridesandprom.com/ystore/ssl/js/bookmark.js HTTP/1.1" 200 635 "-" "Mozilla/5.0 AppleWebKit/537.36 (KHTML, like Gecko; compatible; bingbot/2.0; +http://www.bing.com/bingbot.htm) Chrome/103.0.5060.134 Safari/537.36" "p11.secure.hostingprod.com"
216.244.66.240 - - [25/Oct/2022:15:30:30 -0700] "GET /robots.txt HTTP/1.1" 404 73 "-" "Mozilla/5.0 (compatible; DotBot/1.2; +https://opensiteexplorer.org/dotbot; help@moz.com)" "yst.bridesandprom.com"
216.244.66.240 - - [25/Oct/2022:16:28:29 -0700] "GET /robots.txt HTTP/1.1" 404 73 "-" "Mozilla/5.0 (compatible; DotBot/1.2; +https://opensiteexplorer.org/dotbot; help@moz.com)" "yst.bridesandprom.com"
114.119.130.97 - - [25/Oct/2022:16:42:56 -0700] "GET /robots.txt HTTP/1.1" 404 88 "-" "Mozilla/5.0 (compatible;PetalBot;+https://webmaster.petalsearch.com/site/petalbot)" "yst.bridesandprom.com"
